) + -2.
4
Calculate (-4 + 2 - 0) + 0.
-2
What is the value of 0 - -2 - 1 - -2?
3
What is (9 - 1) + -89 + 83?
2
Evaluate -19 + 16 + (2 - 5) + 0.
-6
(0 - (-1 + 2)) + 3
2
What is the value of (5 - 14 - (4 + -7)) + 4?
-2
What is the value of (-7 - (-14 - -6)) + 2?
3
What is (0 - -1) + -9 + 4 + 6?
2
What is the value of (1 - 9) + (-14 - -26)?
4
Calculate 2 + -6 + (1 - 2).
-5
Calculate -3 + (-2 + (-5 - -5) - -8).
3
What is 3 - ((0 - -1) + 41 + -39)?
0
5 - (-6 + -5) - (2 + 4)
10
What is 5 - (5 - (4 + 4) - -14)?
-6
Evaluate -11 + 19 - 11 - -8.
5
-6 - (0 - -1 - (62 - 57))
-2
What is (7 - 13) + (1 - -1) + 7?
3
-8 - (-3 + (-1 - 0))
-4
What is 9 + -1 + -2 + -5 + -3?
-2
Calculate -4 + (2 - -2) + 4 + 1.
5
What is 6 - (12 + -13 + -3)?
10
What is (3 - (-1 + 0)) + -3 + 1?
2
Evaluate -6 + 6 - (2 + 0 + -6).
4
What is 0 + 0 + 0 + (24 - 26)?
-2
Calculate 3 + (-2 + 0 - -1) + -6.
-4
Evaluate (-1 - -1) + 1 + 4.
5
What is the value of -4 - (10 + -9 + 0)?
-5
What is (3 - (3 - 1)) + 1 - -2?
4
Calculate 4 + -3 + (2 - -1) - 3.
1
4 - 0 - (-2 - 3 - -12)
-3
What is 0 - ((12 - 8) + 5 + -10)?
1
Calculate -1 + 9 + (-2 + 5 - 9).
2
Evaluate -6 + (-2 - -1) + 7.
0
Evaluate -2 + -9 + 7 + 11.
7
Calculate (1 - (3 - 1)) + -4 + 2.
-3
14 + -12 + -2 + 0
0
What is the value of (-7 - (3 - 6)) + 7?
3
-1 + 4 + -3 - 9 - -5
-4
3 - 1 - (1 - 4 - -4)
1
24 + -11 + -11 + (-2 - -1)
1
What is the value of 6 + -16 + (9 - 2)?
-3
What is (2 - -2) + -13 + 3?
-6
What is (-3 - -5) + -1 - (-22 + 22)?
1
What is the value of (-14 - (-12 - 3)) + -1 + 0?
0
What is the value of -4 + (1 - 3) - (-4 + -1)?
-1
What is 8 + -1 + (-1 - -2)?
8
What is the value of -12 - (4 - 7 - 6)?
-3
Evaluate 10 + -8 + (7 - 2).
7
Evaluate (5 - (13 + -10)) + -10.
-8
What is the value of 5 - -1 - (3 - (0 + -3))?
0
What is the value of 12 + (-15 - (-6 + 0))?
3
What is the value of 6 + -5 - 2 - -4 - 0?
3
Calculate 4 - -1 - 5 - (-2 + -2).
4
What is 1 - -1 - (0 - -1)?
1
Evaluate (4 - -7) + -2 - 10.
-1
Calculate -7 + 6 + (5 - 0) + -5.
-1
Calculate 5 + -1 + 2 + -3 + -10.
-7
Calculate -1 - ((-3 - 0) + -1 + 6).
-3
1 + -2 - (-1 - -10 - 5)
-5
What is 0 + -3 + 3 + -5?
-5
Calculate 37 + -29 + (-2 + 4 - 6).
4
Evaluate (-26 - -23) + 9 + (-3 - -2).
5
What is (-22 - -15) + (10 - 2)?
1
Calculate -38 + 47 - (1 + 12).
-4
What is the value of (-21 - -35) + (0 - 10)?
4
(3 + -1 - 3) + (-4 - -2)
-3
Calculate 5 + (7 - (10 - -7)).
-5
Calculate 0 + -5 - (-60 + 59).
-4
Evaluate 0 + -1 - (-18 + 15).
2
Calculate 6 - (3 - 4) - (-1 + 6).
2
Calculate -5 + -4 + 4 - (-9 - 2).
6
0 + -2 + (1 - 3) + 2
-2
What is (-4 - 15) + 8 - (-2 + -1)?
-8
What is 23 + -12 - 1 - 4?
6
3 + -5 + 7 - (12 - 0)
-7
What is 7 + (-7 - -5) + 0 + -7?
-2
Evaluate (-7 - -5) + -1 - -9.
6
What is the value of 2 + -8 + 2 + 0 + 0?
-4
(-17 - -10) + 5 + (-1 - -8)
5
Evaluate 1 + (-4 + (-3 - 1) - -2).
-5
Calculate 5 + 0 - (11 - 15).
9
-2 - (7 + -11) - (0 + 0)
2
What is the value of (5 - (-6 + (3 - -21))) + 6?
-7
8 + (1 + 0 - (-3 - -7))
5
(-10 - -1) + 55 + -47
-1
What is the value of 9 - 0 - 4 - (15 + -12)?
2
What is 3 + (-2 - -8) + -3?
6
Calculate 3 + -2 + 0 + 0.
1
What is the value of -26 - -27 - (2 + -1)?
0
Calculate -4 - 10 - -8 - (2 - 1).
-7
Calculate -2 - (-10 - 0 - (-31 - -23)).
0
Calculate 7 + (0 - (0 - -2)).
5
-2 + (4 - 1 - -3)
4
Calculate 4 + (-2 - -5 - 3).
4
-13 + (4 - -1 - 2)
-10
Evaluate (-8 - (0 - 2)) + 7.
1
131 + -123 - (-1 - -11)
-2
What is (12 - 4) + -5 - 8?
-5
What is -13 - (-2 + -9 + 5) - -15?
8
What is the value of (-2 - 4) + (-2 + 1 - -4)?
-3
What is 14 - (-4 - -4 - 7 - -10)?
11
What is the value of (-7 - -11) + (-4 - -1) + -5?
-4
Calculate -3 + 4 + -5 + -1.
-5
Calculate (5 + -6 - -4) + -1.
2
0 + (8 - 4) - (5 + -4)
3
(-4 - 0) + (22 - 17)
1
Calculate -7 - (0 + -1) - -14 - 7.
1
Evaluate 5 + -1 - (12 + 5 - 9).
-4
Evaluate -5 - (-2 + (-6 - -9)).
-6
Evaluate (2 - 0) + (-10 - -3).
-5
0 - (14 - 17 - -11)
-8
Calculate -1 - 8 - (-275 - -260).
6
Evaluate 5 - (0 + 4 + -4).
5
What is the value of -10 + -2 + 14 + 4?
6
Calculate 7 - ((2 - -12) + -4).
-3
What is (31 - 35) + (7 - 0)?
3
-6 + -1 - (-11 - -5) - -1
0
(14 - 19 - -9) + -1 + -7
-4
Evaluate 3 - ((8 - 2) + (-1 - 1)).
-1
What is 14 + -16 + 9 + (-1 - 8)?
-2
What is 0 - (-2 - -7) - -1?
-4
What is 28 - 42 - (4 + -18)?
0
Evaluate -2 - (-2 - (3 + 3)).
6
7 + 0 - 4 - (-1 - -7)
-3
Calculate 2 + 2 + (5 - 7) + -6.
-4
What is the value of -4 + 8 + -1 + -5?
-2
What is 5 + 0 - 8 - -4?
1
What is -1 + -2 - (-134 + 137)?
-6
What is the value of (-11 - (-14 + 7)) + -1 + 4?
-1
(-2 - -1) + (-36 - -41)
4
(-1 - -2) + (12 - 12) - -3
4
Evaluate -5 + -6 + 7 + -1 + 0.
-5
What is the value of -11 - ((8 - -2) + -5 - 13)?
-3
What is -4 - (-11 + 3) - 4?
0
Evaluate 0 - -4 - 9 - -1.
-4
Calculate -3 - (4 - (-1 - -3) - 0).
-5
-9 - (-9 - -7) - -7
0
Calculate 3 - -3 - -2 - 5.
3
What is the value of 0 - (5 + -2 + -5)?
2
3 + -3 + 0 - 5
-5
(-8 - -1) + -1 + 5
-3
What is 0 + (5 - (-3 + 12) - 1)?
-5
What is -10 - (1 + -18) - 12?
-5
Calculate (0 + 16 - 9) + -6.
1
Evaluate 10 - ((9 - 6 - -5) + -5).
7
Evaluate (2 + 3 - 4) + -6.
-5
What is -5 + 9 - (1 + 0)?
3
-127 - -134 - (5 + -1 + -1)
4
Evaluate 15 + -7 - 14 - -5.
-1
Calculate -27 + 25 + 0 + 5.
3
Calculate 11 + -4 - (-1 + (-1 - -6)).
3
3 - (3 + -3 + 1)
2
3 + -4 + (-2 - -2) - 3
-4
3 + -5 + 4 + 2
4
What is the value of (2 - 10 - (3 - 3)) + 1?
-7
Evaluate 6 - (-1 - -5 - (-1 - -4)).
5
What is the value of -6 + (1 - (1 + -3))?
-3
What is the value of -2 + (-8 - -10) + 4?
4
What is 0 + -3 + 188 + -194?
-9
-4 + (-8 - 1 - -11)
-2
What is the value of -6 - (-1 + 0 + -52 + 50)?
-3
What is -3 + (1 - -3) - -1 - -1?
3
Evaluate -2 + 4 + 4 + (-2 - -3).
7
-5 - (2 + 0 - (3 + 1))
-3
What is -39 - -31 - (1 - 3)?
-6
What is the value of 5 - ((21 - 14) + 1 + -2)?
-1
Calculate -2 - (9 + (-2 - 3)).
-6
Evaluate (6 - (-5 - -3)) + -1.
7
What is the value of 0 - (-6 - (0 + -8) - 6)?
4
Calculate (-4 - -6) + -4 + 11 + -8.
1
Calculate (-1 + 2 - 5) + -5 + 4.
-5
Evaluate (-1 - (5 + -1)) + -2.
-7
3 - (3 + -2 - 3 - -9)
-4
What is the value of 1 + 1 + (1 - -2)?
5
Calculate -2 - (-1 - (-5 - -4)).
-2
What is 2 - (0 - (0 + -2) - -3)?
-3
Evaluate (0 - 1) + 1 - 1.
-1
24 + -30 - (4 + -2)
-8
What is -2 + -4 + 0 - (28 + -30)?
-4
Calculate -6 + -4 + 9 - (5 + -1).
-5
Evaluate -5 - (2 + 4 + 0 - 8).
-3
What is -2 + 1 + (2 - 0) - -1?
2
What is -4 - -13 - 6 - 6?
-3
8 - (10 - 5) - 1
2
Evaluate (4 - 9) + -51 + 57.
1
Calculate -24 - -29 - (1 + -5).
9
Evaluate 7 - (3 + -2) - 1.
5
(-3 - 3) + (36 - 31)
-1
What is 2 + (0 - 0 - (8 - 3))?
-3
What is the value of -7 - (-3 + -4 - (-11 - -10))?
-1
Evaluate 2 + -5 - -6 - (-2 + 3).
2
What is the value of 6 + (-2 - (4 - 5) - 0)?
5
Calculate 2 + -6 + 4 + -4.
-4
What is the value of 2 + -1 + 2 - (-5 + 7)?
1
What is the value of 5 + 0 + 2 + -9 + 5?
3
What is -15 - (1 + -4 + -6)?
-6
Calculate (5 - -2) + -6 + -6.
-5
What is 0 - (-8 + (2 - -4))?
2
Calculate 5 + -3 - (2 - 5).
5
What is 1 - (-3 + 2 + 0)?
2
Calculate 5 - (6 + -12 - -9).
2
Evaluate -6 + (-1 - -2 - (4 - 6)).
-3
What is 3 + -1 - (-21 + 18)?
5
What is -3 + (10 - 3) - (-2 + 2)?
4
15 - (-1 + 1 + 8)
7
Evaluate 4 - (-7 + -9 + 20).
0
Calculate 0 + (-5 - -3) + 4 - 1.
1
What is -1 + -7 + -11 + 21?
2
What is -2 - -4 - (-6 - -3)?
5
-30 + 30 + -2 + 4
2
Evaluate -11 - -13 - (-3 + 5).
0
Evaluate 5 + -2 + (-5 - -5).
3
What is (-10 - -1) + 5 + -2 + 0?
-6
What is the value of 1 - 0 - (-2 + 8 + -4)?
-1
What is -1 + (6 + -12 - -16)?
9
What is 5 + (-5 - ((-5 - -5) + 0))?
0
11 + -10 + 0 + 9 + -4
6
What is the value of -2 - (7 - (11 + -4))?
-2
What is -1 + (-3 - 0 - 1)?
-5
What is (8 + 0 - 11) + (0 - 0)?
-3
Evaluate (2 - 3) + 0 + -3.
-4
What is 2 + -3 + 3 + -2?
0
Calculate -3 + 7 + (-13 - 1).
-10
(8 - (0 - -17)) + (1 - -5)
-3
Calculate (-3 + 18 - 3) + -5 + -2.
5
What is the value of 4 + (1 - 2) + (18 - 19)?
2
What is (-13 - -11 - 0) + -1 + 12?
9
What is (-1 - (3 + -7)) + 2 + -4?
1
What is -5 - (0 - (3 + 0 + -4))?
-6
What is 4 - ((3 - -6) + -13)?
8
What is -1 + 4 + -4 + (-6 - -2)?
-5
What is the value of -4 + (-1 - 0) - (-79 - -81)?
-7
Calculate -4 - -11 - 1 - 12.
-6
What is (-4 - 6) + 6 + 1?
-3
Evaluate -4 + 6 + 3 + -7.
-2
Calculate 8 + (2 + (-5 - -2) - 4).
3
-2 - 0 - 1 - (58 + -58)
-3
What is the value of -6 - (-5 - (4 + -8))?
-5
Evaluate -5 + 2 + 21 + -13.
5
Calculate 2 + -3 + -6 + 1.
-6
Evaluate -3 - (0 + -6 + 